{"id":54,"date":"2019-04-15T01:53:39","date_gmt":"2019-04-15T01:53:39","guid":{"rendered":"https:\/\/partageaumasculin.com\/wp_photo_pere_2019\/?page_id=54"},"modified":"2019-05-15T23:43:53","modified_gmt":"2019-05-15T23:43:53","slug":"reglements","status":"publish","type":"page","link":"https:\/\/partageaumasculin.com\/wp_photo_pere_2019\/bienenue\/reglements\/","title":{"rendered":"R\u00e8glements"},"content":{"rendered":"<h2 style=\"text-align: center;\"><span style=\"color: #000000;\"><strong>Les papas de la Chaudi\u00e8re-Appalaches<\/strong><\/span><\/h2>\n<h2 style=\"text-align: center;\"><span style=\"color: #000000;\"><strong>R\u00e8glements pour les photographies<\/strong><\/span><\/h2>\n<hr \/>\n<p><strong>Objectif de l&rsquo;activit\u00e9<\/strong><\/p>\n<p style=\"padding-left: 40px;\">Valoriser la paternit\u00e9 en d\u00e9montrer la fiert\u00e9 d\u2019\u00eatre p\u00e8re et l\u2019amour qui l\u2019unit \u00e0 l\u2019enfant.<\/p>\n<p><strong>Qui peut participer<\/strong><\/p>\n<p style=\"padding-left: 40px;\">Les participants doivent r\u00e9sider en Chaudi\u00e8re-Appalaches et \u00eatre \u00e2g\u00e9s de 18 ans ou plus.<\/p>\n<p style=\"padding-left: 40px;\">Exclusions\u00a0: Les membres du personnel, les collaborateurs, les membres du conseil d\u2019administration de Partage au masculin peuvent d\u00e9poser des photos, mais ils ne sont pas \u00e9ligibles \u00e0 l&rsquo;attribution des prix \u00ab\u00a0Reconnaissance\u00a0\u00bb.<\/p>\n<p><strong>Comment participer<\/strong><\/p>\n<p style=\"padding-left: 40px;\">Remplir le formulaire de participation et le transmettre avec au moins une photographie traduisant la fiert\u00e9 d\u2019\u00eatre p\u00e8re et l\u2019amour qui l\u2019unit \u00e0 l\u2019enfant \u00e0 <a href=\"https:\/\/partageaumasculin.com\/wp_photo_pere_2019\/\">https:\/\/partageaumasculin.com\/wp_photo_pere_2019\/<\/a> entre le 10 et le 16 juin 2019, \u00e0 l&rsquo;occasion de la Semaine de la paternit\u00e9.<\/p>\n<p style=\"padding-left: 40px;\">M\u00eame les photos capt\u00e9es \u00e0 l\u2019aide d\u2019un t\u00e9l\u00e9phone cellulaire sont admissibles.<\/p>\n<p style=\"padding-left: 40px;\">Taille maximale : 3 MB<br \/>\nFormat paysage ou portrait<\/p>\n<p style=\"padding-left: 40px;\">Consentement\u00a0:En soumettant une photographie, le participant atteste avoir obtenu le consentement des personnes apparaissant sur la photo et d\u00e9gage le promoteur du concours de toute responsabilit\u00e9.<\/p>\n<p style=\"padding-left: 40px;\">Le photographe conserve tous les droits d\u2019auteur sur la photo soumise et permet \u00e0 Partage au masculin de la publier sur son site Web, sa page Facebook et dans les m\u00e9dias r\u00e9gionaux.<\/p>\n<p><strong>D\u00e9voilement des gagnants<\/strong><\/p>\n<p style=\"padding-left: 40px;\">Le d\u00e9voilement des r\u00e9cipiendaires aura lieu le 19 juin 2019 sur le site web de l&rsquo;organisme. Partage au masculin s\u2019engage \u00e0 aviser les r\u00e9cipiendaires par courrier \u00e9lectronique \u00e0 cette date.<\/p>\n<hr \/>\n<p><strong>Prix<\/strong><\/p>\n<p style=\"padding-left: 40px;\">Trente prix de participation d\u2019un montant de vingt-cinq dollars seront attribu\u00e9s au hasard, soit trois par territoire de MRC. Le d\u00e9voilement des r\u00e9cipiendaires aura lieu le 19 juin 2019, sur le site web de l\u2019organisme. Les prix seront transmis par la poste.<\/p>\n<hr \/>\n<hr \/>\n<p>&nbsp;<\/p>\n","protected":false},"excerpt":{"rendered":"<p>Les papas de la Chaudi\u00e8re-Appalaches R\u00e8glements pour les photographies Objectif de l&rsquo;activit\u00e9 Valoriser la paternit\u00e9 en d\u00e9montrer la fiert\u00e9 d\u2019\u00eatre p\u00e8re et l\u2019amour qui l\u2019unit \u00e0 l\u2019enfant. Qui peut participer Les participants doivent r\u00e9sider en Chaudi\u00e8re-Appalaches et \u00eatre \u00e2g\u00e9s de 18 ans ou plus. Exclusions\u00a0: Les membres du personnel, les collaborateurs, les membres du conseil [&hellip;]<\/p>\n","protected":false},"author":2,"featured_media":0,"parent":8,"menu_order":0,"comment_status":"closed","ping_status":"closed","template":"","meta":[],"_links":{"self":[{"href":"https:\/\/partageaumasculin.com\/wp_photo_pere_2019\/wp-json\/wp\/v2\/pages\/54"}],"collection":[{"href":"https:\/\/partageaumasculin.com\/wp_photo_pere_2019\/wp-json\/wp\/v2\/pages"}],"about":[{"href":"https:\/\/partageaumasculin.com\/wp_photo_pere_2019\/wp-json\/wp\/v2\/types\/page"}],"author":[{"embeddable":true,"href":"https:\/\/partageaumasculin.com\/wp_photo_pere_2019\/wp-json\/wp\/v2\/users\/2"}],"replies":[{"embeddable":true,"href":"https:\/\/partageaumasculin.com\/wp_photo_pere_2019\/wp-json\/wp\/v2\/comments?post=54"}],"version-history":[{"count":16,"href":"https:\/\/partageaumasculin.com\/wp_photo_pere_2019\/wp-json\/wp\/v2\/pages\/54\/revisions"}],"predecessor-version":[{"id":167,"href":"https:\/\/partageaumasculin.com\/wp_photo_pere_2019\/wp-json\/wp\/v2\/pages\/54\/revisions\/167"}],"up":[{"embeddable":true,"href":"https:\/\/partageaumasculin.com\/wp_photo_pere_2019\/wp-json\/wp\/v2\/pages\/8"}],"wp:attachment":[{"href":"https:\/\/partageaumasculin.com\/wp_photo_pere_2019\/wp-json\/wp\/v2\/media?parent=54"}],"curies":[{"name":"wp","href":"https:\/\/api.w.org\/{rel}","templated":true}]}}