{"id":8,"date":"2019-04-06T22:45:16","date_gmt":"2019-04-06T22:45:16","guid":{"rendered":"https:\/\/partageaumasculin.com\/wp_photo_pere_2019\/?page_id=8"},"modified":"2019-06-13T13:06:05","modified_gmt":"2019-06-13T13:06:05","slug":"bienenue","status":"publish","type":"page","link":"https:\/\/partageaumasculin.com\/wp_photo_pere_2019\/","title":{"rendered":"Accueil"},"content":{"rendered":"<h4><a href=\"http:\/\/partageaumasculin.com\/\"><img decoding=\"async\" loading=\"lazy\" class=\"wp-image-70 alignright\" src=\"https:\/\/partageaumasculin.com\/wp_photo_pere_2019\/wp-content\/uploads\/2019\/04\/couverture-a-300x166.jpg\" alt=\"\" width=\"450\" height=\"249\" srcset=\"https:\/\/partageaumasculin.com\/wp_photo_pere_2019\/wp-content\/uploads\/2019\/04\/couverture-a-300x166.jpg 300w, https:\/\/partageaumasculin.com\/wp_photo_pere_2019\/wp-content\/uploads\/2019\/04\/couverture-a-768x425.jpg 768w, https:\/\/partageaumasculin.com\/wp_photo_pere_2019\/wp-content\/uploads\/2019\/04\/couverture-a-1024x566.jpg 1024w, https:\/\/partageaumasculin.com\/wp_photo_pere_2019\/wp-content\/uploads\/2019\/04\/couverture-a-350x194.jpg 350w, https:\/\/partageaumasculin.com\/wp_photo_pere_2019\/wp-content\/uploads\/2019\/04\/couverture-a-1100x609.jpg 1100w\" sizes=\"(max-width: 450px) 100vw, 450px\" \/><\/a>Bienvenue \u00e0 \u00ab\u00a0Affichons la fiert\u00e9 d&rsquo;\u00eatre p\u00e8re!\u00a0\u00bb<\/h4>\n<h4><a href=\"https:\/\/partageaumasculin.com\/wp_photo_pere_2019\/\">LES PAPAS DE CHAUDI\u00c8RE- APPALACHE 2019<\/a><\/h4>\n<p>Cette activit\u00e9 veut valoriser la paternit\u00e9 en affichant la fiert\u00e9 d\u2019\u00eatre p\u00e8re et l\u2019amour qui l\u2019unit \u00e0 l\u2019enfant.<\/p>\n<p>Transmet\u00a0 un maximum de trois photographies \u00e0 l&rsquo;occasion de la Semaine de la paternit\u00e9 entre le 24 mai et le 16 juin \u00e0 minuit.<\/p>\n<p><strong><em>Ce n&rsquo;est pas un concours<\/em>.<\/strong>\u00a0 Mais 30 prix <strong><em>Reconnaissance<\/em><\/strong> d&rsquo;un montant de 25$ seront tir\u00e9s au hasard parmi les participants, soit trois par territoire de MRC.<\/p>\n<p>AFFICHONS LA FIERT\u00c9 D&rsquo;\u00caTRE P\u00c8RE!<\/p>\n<p><em><strong>T\u00e9l\u00e9chargez vos photos, voir la section <a href=\"https:\/\/partageaumasculin.com\/wp_photo_pere_2019\/bienenue\/inscription\/\">\u00ab Inscription \u00bb<\/a> pour informations.<\/strong><\/em><\/p>\n<p><a href=\"http:\/\/partageaumasculin.com\/\">Site de Partage au Masculin<\/a><\/p>\n<p>[contest-menu][contest-page]<\/p>\n","protected":false},"excerpt":{"rendered":"<p>Bienvenue \u00e0 \u00ab\u00a0Affichons la fiert\u00e9 d&rsquo;\u00eatre p\u00e8re!\u00a0\u00bb LES PAPAS DE CHAUDI\u00c8RE- APPALACHE 2019 Cette activit\u00e9 veut valoriser la paternit\u00e9 en affichant la fiert\u00e9 d\u2019\u00eatre p\u00e8re et l\u2019amour qui l\u2019unit \u00e0 l\u2019enfant. Transmet\u00a0 un maximum de trois photographies \u00e0 l&rsquo;occasion de la Semaine de la paternit\u00e9 entre le 24 mai et le 16 juin \u00e0 minuit. [&hellip;]<\/p>\n","protected":false},"author":2,"featured_media":0,"parent":0,"menu_order":0,"comment_status":"closed","ping_status":"closed","template":"","meta":[],"_links":{"self":[{"href":"https:\/\/partageaumasculin.com\/wp_photo_pere_2019\/wp-json\/wp\/v2\/pages\/8"}],"collection":[{"href":"https:\/\/partageaumasculin.com\/wp_photo_pere_2019\/wp-json\/wp\/v2\/pages"}],"about":[{"href":"https:\/\/partageaumasculin.com\/wp_photo_pere_2019\/wp-json\/wp\/v2\/types\/page"}],"author":[{"embeddable":true,"href":"https:\/\/partageaumasculin.com\/wp_photo_pere_2019\/wp-json\/wp\/v2\/users\/2"}],"replies":[{"embeddable":true,"href":"https:\/\/partageaumasculin.com\/wp_photo_pere_2019\/wp-json\/wp\/v2\/comments?post=8"}],"version-history":[{"count":32,"href":"https:\/\/partageaumasculin.com\/wp_photo_pere_2019\/wp-json\/wp\/v2\/pages\/8\/revisions"}],"predecessor-version":[{"id":198,"href":"https:\/\/partageaumasculin.com\/wp_photo_pere_2019\/wp-json\/wp\/v2\/pages\/8\/revisions\/198"}],"wp:attachment":[{"href":"https:\/\/partageaumasculin.com\/wp_photo_pere_2019\/wp-json\/wp\/v2\/media?parent=8"}],"curies":[{"name":"wp","href":"https:\/\/api.w.org\/{rel}","templated":true}]}}